h = j - c. What is the units digit of h?
8
Suppose 2 = 5*g - 33. Let w(l) be the third derivative of -l**6/120 + 7*l**5/60 + l**4/24 + 7*l**3/6 + l**2. What is the units digit of w(g)?
4
Suppose 2*h + 14 = f, -3*f + h - 8 = -35. Suppose y - f = -y. Let r = y + 1. What is the units digit of r?
5
Let h(c) = -c**2 - 2*c - 3. Let j be h(-6). Let d = j + 44. What is the units digit of d?
7
Let b(h) = -2 + 3 + 3*h**2 - h + 3*h**2 - 3*h**2. What is the tens digit of b(-2)?
1
Let k(m) = -4*m**2 - 5*m - 7. Let x be k(-5). Let l = 137 + x. What is the units digit of l?
5
Let i be -3 + (-6)/(-2) + 61. Suppose 0 = 4*x + 5*q - i + 10, -96 = -4*x + 4*q. What is the tens digit of x?
1
Let r be 1/2 + 33/6. What is the units digit of 6/18 + 10/r?
2
Suppose -5*n + 545 = 8*x - 3*x, -n = 5*x - 549. What is the tens digit of x?
1
Suppose 4*v + 17 = -19. Let d = v - -27. What is the tens digit of d?
1
Suppose -5*l + 90 = 3*c - 80, -5*l + 5*c = -130. What is the tens digit of l?
3
What is the units digit of (-4)/(-18) - (-699)/27*2?
2
Let t(k) = 40*k**3 - 2*k**2 - 3*k + 4. What is the units digit of t(2)?
0
Let d(y) = y**3 + 12*y**2 - 8*y - 5. What is the units digit of d(-8)?
5
Let p(o) be the third derivative of o**4/12 - o**3/2 - 2*o**2. Let c be p(3). Let h(f) = -f**3 + 2*f**2 + 4*f - 2. What is the units digit of h(c)?
1
Let l(b) = b**2 + 3*b + 4. What is the units digit of l(-4)?
8
Let o be 9*3/(-9)*-1. Suppose 5*w = -4*z + 6*z - 6, o*z + 3*w - 51 = 0. Suppose 61 = 4*y + z. What is the tens digit of y?
1
Let y(g) = -g**2 + 5*g - 1. Suppose -4*o = -2*w + 4, 0 = -4*w - 3*o + o - 2. Suppose -2*z + w*z = 0, -4*z - 8 = -2*d. What is the units digit of y(d)?
3
What is the units digit of (4/10)/(12/1140)?
8
Let f(z) = -z**3 + 10*z**2 + z - 1. Let h(l) = -l**3 - 3*l**2 - 2*l + 4. Let t be h(-3). Let x be f(t). What is the units digit of x/(3/9*3)?
9
Suppose 4*d = -16, -2*i = -2*d - 0*d - 14. Suppose v - 27 = -2*q, -i*v + 0*v = -2*q + 39. What is the tens digit of q?
1
Let r(p) = p + 6. Let i be r(0). Let b(d) = 7 - 2*d + 3*d - 2*d. What is the units digit of b(i)?
1
Let a = -1 + 15. Suppose -5*k + a - 4 = 0. What is the units digit of k?
2
Let k = 527 - 368. What is the tens digit of k?
5
Suppose -4*q + 5*p = -103, 3*q - 170 = -2*q - 2*p. What is the units digit of (q/20)/((-4)/(-10))?
4
What is the tens digit of 4*(3 - (-22)/(-8)) + 49?
5
Suppose -5*y + 2*y = -4*v - 244, v = 4*y - 334. What is the units digit of y?
4
Let g(i) = i**3 + 7*i**2 - 10*i - 12. Let w be g(-8). Suppose 3*n = v + 104, w*n - 5*v = 89 + 46. What is the tens digit of n?
3
Let r(w) = w + 8. Let f be r(-8). Suppose f = 2*l + l - 3. What is the units digit of l?
1
Let r(k) = 242*k**3 + 2*k**2 - 4*k + 3. What is the hundreds digit of r(1)?
2
Let z(c) = 134*c**3 + 2*c**2 - 1. What is the hundreds digit of z(1)?
1
Let x be ((-4)/6)/(2/36). Let d = x + 21. Let k(s) = s - 3. What is the units digit of k(d)?
6
Suppose 0 = -2*j - 5*d + 87, j - 2*j + 4*d = -24. What is the tens digit of 146/8 - 9/j?
1
Let i(j) be the third derivative of -j**5/60 - 7*j**4/24 + 2*j**2. Let s be i(-7). Suppose -3*y + 58 = -5*b, s*y - 2*b = 3*y - 23. What is the tens digit of y?
1
Suppose 4*k + 4 + 8 = 0, -5*u + 246 = -2*k. What is the units digit of u?
8
Let u(g) be the third derivative of g**7/252 - g**6/720 + g**4/8 + 3*g**2. Let p(f) be the second derivative of u(f). What is the units digit of p(1)?
9
Suppose 5*g = 296 - 66. What is the units digit of g?
6
Let i = -14 + 14. Let c(n) = n + 6. What is the units digit of c(i)?
6
Let z be (-9 - 0)*(-1)/3. Suppose -p - z*p = -104. What is the units digit of p?
6
Let d(h) be the first derivative of -h**2/2 - 2. Let j be d(-2). Suppose 0 = j*t - 1 - 3. What is the units digit of t?
2
Let i = -7 - -8. Suppose i = -f - m, -3*f = -0*m + 5*m + 3. What is the units digit of 1 - -3*(-1)/f?
4
Let g(x) = 2*x**3 - 2*x**2 - x + 2. What is the units digit of g(3)?
5
Suppose 2*q = -z + 3 + 8, -3*q + 14 = 2*z. Suppose g + 4 = -4*o, -5*g - o = -q*g + 53. What is the tens digit of g?
1
Let k(g) = 4 - 2*g - 2*g + 4 - 10. What is the units digit of k(-3)?
0
Let u be 2/(-1) + 3 + -1. Suppose 42 = -u*l + 2*l. Suppose -2*a + 29 = -5*v, -a - 3*v - l = -4*a. What is the units digit of a?
2
Suppose -22 = -3*h + 2*x, -16 = -2*h - 2*x + 12. Let b be (-6)/(-4) - (-5)/h. Let g = b - -1. What is the units digit of g?
3
Let b = 41 + -28. Let v be 21/((-2 - -1)/(-1)). Let t = v - b. What is the units digit of t?
8
Suppose -5*g + 112 = -g + p, 140 = 5*g + 4*p. What is the units digit of g?
8
Let m be (4 + 4)*(-2)/4. Let u = m + 6. What is the units digit of u?
2
What is the tens digit of (-25 + 10)*((-86)/10 + 1)?
1
Suppose 0 = -3*y - 5*d + 168, y - 4*d - 54 = 2. What is the tens digit of y?
5
Let w(i) = i**2 - 4*i + 4. Suppose -1 = -2*v + 7. What is the units digit of w(v)?
4
Let s(r) = -r**3 - 8*r**2 - 6*r - 2. Let h be s(-7). Let a(p) = -p**2 - 11*p + 8. What is the tens digit of a(h)?
2
Suppose 5*j - 4*t - 20 = 0, j - 4*t + 4 = 2*j. Suppose 9*f = -3*h + j*f - 18, 2*h - 2*f = 4. Let o = 3 + h. What is the units digit of o?
2
Let z(q) = q**2 - 7*q + 4. Let v be z(5). Let p be (-4)/v - 10/(-3). Suppose 46 = p*y - y - d, 3*y + 5*d = 58. What is the units digit of y?
6
Let t be (-1 - -3) + -2 + 3. Suppose -4 = j + 3*c, -2*c + 15 = t*j - 1. What is the units digit of (18/j)/(2/8)?
9
Let k(x) = 3*x + 0 + 9*x**2 - 5*x - x**3 - 11. What is the units digit of k(8)?
7
Suppose 24 = 5*m - 66. Suppose 0 = s + s - m. What is the units digit of s?
9
What is the tens digit of ((-192)/(-28))/((-8)/(-56))?
4
Let a(i) = -5*i + 1. Let j be a(-3). Let o = j + -1. What is the tens digit of o?
1
Let l be (1 - -17)/((-3)/3). What is the units digit of 385/9 - 4/l?
3
Let d be 1 + (0 - 2) - 5. Let p be (-6)/(-4)*16/3. Let i = d + p. What is the units digit of i?
2
Suppose -39 = -5*z + 61. What is the tens digit of z?
2
Let m = -124 + 260. What is the units digit of m?
6
Let q = 243 + -114. What is the hundreds digit of q?
1
Let c = 1 - -1. Suppose -3*m + 5*p + 39 = c*p, -4*m + 3*p = -47. What is the units digit of m?
8
Suppose -3*q + 94 = -26. Suppose -q = -x + 5*v - 2*v, -2*x + v + 85 = 0. What is the tens digit of x?
4
Suppose 8*b - 6*b - x - 545 = 0, b = -4*x + 295. What is the units digit of b?
5
Let i = -30 + 9. Let w = 38 + i. What is the tens digit of w?
1
Let j = 45 - 0. Suppose 3*r = -15 + j. What is the tens digit of r?
1
Let f(s) = -5*s - 11. What is the tens digit of f(-10)?
3
Let m(u) = -u**3 + 8*u**2 + 2*u + 4. Let n be m(8). Suppose -5*g + 65 = -5*s, g + n = 3*g - 5*s. What is the units digit of g?
5
Suppose -2*i = 2*c - 294, 0*c + 2*i + 132 = c. What is the tens digit of c?
4
Let a(g) = -g**3 - 9*g**2 + g + 11. Let v be a(-9). Suppose -r - 2*w + 14 = 0, 5*r + 0*r - 102 = -v*w. What is the units digit of r?
2
Suppose -q = 3*t - 3, -3*q + 39 = 5*t - 6*t. What is the tens digit of q?
1
Let i = -5 + 5. Suppose 5*n + 3*l + 10 = i, 3*n + 3*l - 13 = 5*l. What is the units digit of n?
1
Suppose -24 = -3*j - 3. Let f(d) = d**2 - 6*d + 5. What is the tens digit of f(j)?
1
Let t(l) = l**2 + 1 - 5*l - 3*l + 2*l - 4. What is the tens digit of t(-2)?
1
Suppose 3*d + y = 296, 5*d - y - 134 = 362. Suppose 5*p + 3*m = -d, 4*p + 35 + 40 = -m. What is the units digit of -2 - (p/(-1))/(-2)?
7
Let v be 149/4 + 8/(-32). Let j = v - 21. What is the tens digit of j?
1
Let k(i) = 9*i + 1. What is the units digit of k(4)?
7
Suppose 0 = 2*u + 5*t - t + 8, 2*t + 14 = 4*u. Let y = 2 - u. Suppose g - 6 - 1 = y. What is the units digit of g?
7
Let i(m) = 3*m + 46. What is the units digit of i(-15)?
1
Suppose 0 = l + 2*l - 2*n - 95, 3*n = 5*l - 158. Suppose -2*k + l = 5. What is the tens digit of k?
1
Let q = -76 - -159. What is the units digit of q?
3
Suppose 0 = -5*u + 28 + 12. What is the units digit of u?
8
Suppose -3*i = -135 + 45. What is the units digit of i?
0
Let k = 30 - 6. What is the tens digit of 3*212/k*2?
5
Let k(p) = -p**2 - 15*p - 1. What is the units digit of k(-9)?
3
What is the units digit of (-902)/(-9) - 4/18?
0
Let d(v) = -33*v**3. Let g be d(1). Let u = 56 + g. What is the tens digit of u?
2
Let a(t) be the third derivative of -t**5/60 + t**4/12 - 2*t**2. Let j be a(3). What is the units digit of 1/(-1*j/21)?
7
Suppose 